erivative of s**4/12 + s**3/2 - 3*s**2/2 - s. Determine k(f).
-3
Suppose -5*a + 18 = 48. Let m = -1 - a. Let u(i) = 4*i**2 - 5 - 4*i - 5*i**2 + 2*i**2. Calculate u(m).
0
Let b(c) = 5*c + 2 - 6*c + 2*c - 2*c. What is b(0)?
2
Let d(m) = m + 2. Suppose 3 = 2*p - 5. Let q be 4*p/(-8)*1. Determine d(q).
0
Let x(u) = u**2 + 9*u + 1. Let w be x(-7). Let m = -17 - w. Let s(i) = i**2 + 7*i + 4. What is s(m)?
-8
Let i(h) = -h - 5. Let k(g) = -g + 12. Let t be k(12). Let v be (6/(-1))/(t + 1). What is i(v)?
1
Let f be 0/(2*(2 + -1)). Suppose -2*v - d + 6 = 0, -3*d = -v + 3 - f. Let s(c) = c**2 - 1. Determine s(v).
8
Let c(b) = 4*b + 2. Let p be 11/((-330)/12) + 13/(-5). Determine c(p).
-10
Suppose -r + 7 = -5*n, -3*r + 7 + 1 = -2*n. Let t(q) be the third derivative of 0*q**4 + 3/20*q**5 - 1/6*q**3 + 3*q**r + 0 + 0*q. Calculate t(-1).
8
Let m(k) = 12*k**3 - 7*k**2 - 4*k - 7. Let c(h) = 4*h**3 - 2*h**2 - h - 2. Suppose 2 + 8 = -2*a. Let t = 12 + a. Let r(q) = t*c(q) - 2*m(q). What is r(-1)?
-5
Let z be 5/2*(-5 - -7). Let f(l) = -3*l - z*l + 1 + 3*l + l. Let i = -5 + 3. Determine f(i).
9
Let h be (-2)/(-5) - (-4)/(-10). Suppose -w + 3 = c - 6, -5*c + 25 = h. Let k(d) be the third derivative of d**4/24 - d**3/3 + 2*d**2. Give k(w).
2
Let b be 3 - (-13)/(-4 - -3). Let y = 12 + b. Let t(w) = 0*w + 2*w - 2*w**2 - 3*w + 2 + 0*w**y. What is t(-2)?
-4
Let k(h) = -3*h**3 + 19*h**2 - 4*h - 8. Let c be k(6). Let b(r) = r**3 - 2*r**2 - 6*r + 5. What is b(c)?
13
Let v(m) = -m + 5. Let i = -3 - -12. Let p = i + -5. What is v(p)?
1
Let n(j) = 3*j + 3*j**2 - 2 - 3*j**3 + 2*j**3 - 2. Let r be (-2 - 3 - -2)/(22 - 23). What is n(r)?
5
Let r(h) = h**2 - 5*h + 7. Suppose -x - 2 + 7 = 0. Give r(x).
7
Let c(y) = 2*y + 1. Suppose 3*d - d = -5*h + 2, -d + 2*h = -1. What is c(d)?
3
Let y(r) = 4*r + 3. Let g(f) = -f**3 - 7*f**2 - 2. Let n be g(-7). Determine y(n).
-5
Let g(p) = -p**3 - 5*p**2 + 7*p + 2. Suppose 2*c + 7*d - 4*d = -9, -5*c = -4*d + 34. What is g(c)?
-4
Let c(j) = -5*j + 3. Suppose 2*w + d + 1 = -0, d + 15 = 5*w. Determine c(w).
-7
Let l(g) = 1. Let a(p) = 4*p + 2. Let w(y) = -5*y - 1. Let t(m) = 6*a(m) + 5*w(m). Let o(b) = -4*l(b) + t(b). Give o(-3).
6
Let k(a) be the second derivative of a**6/720 - a**5/60 - a**4/6 - a. Let u(p) be the third derivative of k(p). Give u(0).
-2
Let n(a) be the third derivative of 0*a - 1/8*a**4 + 0 + 0*a**3 + 1/30*a**5 - a**2. Give n(2).
2
Let k(f) = 2*f**3 - 4*f**2 + 2*f + 2. Let z be k(2). Let w(i) be the first derivative of -i**4/4 + 7*i**3/3 - 3*i**2 - 5*i - 9. Give w(z).
-5
Let q(k) = 7*k + 12. Let f(p) = -p - 1. Let w(s) = -6*f(s) - q(s). Let t be ((-2)/(-4))/((-3)/(-18)). Suppose -3*u + t*n = -7*u - 32, 3*n = 3*u + 3. Give w(u).
-1
Let o(i) be the second derivative of -i**7/840 + i**6/72 + i**5/120 - i**4/12 + i**3/6 - 3*i. Let c(u) be the second derivative of o(u). Give c(5).
3
Let n(u) = -7*u + 1. Suppose -2*z = -3 - 3. Suppose 5*t = 5*s + 10, -t = s - 4 - 2. Let v = t - z. Calculate n(v).
-6
Let d(t) = -4*t**2 + 6. Let c(l) = -l**2. Let f(j) = 5*c(j) - d(j). Suppose -m = -0*m. Give f(m).
-6
Let w(k) = -11*k**2 + 2*k - 1. Let a(i) = -i**3 + 5*i**2 - 2*i + 5. Let l be a(4). Let m = l - 12. Give w(m).
-10
Let s(y) = 10 + 9 - 15 - y. Determine s(2).
2
Let o(r) be the second derivative of r**4/24 - r**3/3 - 3*r**2/2 + r. Let c(s) be the first derivative of o(s). Calculate c(-2).
-4
Let i(r) = -2*r**2 + 25*r - 15. Let l(f) = -f**2 + 12*f - 7. Let n(v) = 6*i(v) - 13*l(v). Give n(5).
-4
Let z = -1 - 1. Let t(d) = -d + 3. Let b(j) = j - 4. Let u(l) = -2*b(l) - 3*t(l). Let a(v) = 8*v - 12. Let w(y) = a(y) - 10*u(y). Calculate w(z).
2
Let s(m) = -m**2 - 3*m - 5. Suppose 2*w - 4*w = -2. Let u(l) = 4*l + 1. Let y be u(w). Suppose -y*i = 16 + 4. Give s(i).
-9
Let u(r) = -r**3 - 4*r**2 + 6*r - 1. Let k(o) = o**3 + 1. Let g be k(-1). Suppose 5*w = -g*w - 25. Determine u(w).
-6
Suppose 3*x + 6 + 3 = 0. Let r be (-17)/x - (-4)/(-6). Let y(k) = k**3 - 4*k**2 - 6*k + 7. Give y(r).
2
Let l(n) = -n + 7. Let t(d) = 2*d - 8. Let b(c) = 3*l(c) + 2*t(c). Suppose -2*o = -0*o + 10, -4*g + 9 = -5*o. Let q be (6/2 - 3) + g. Give b(q).
1
Let u = 9 - 6. Let g(i) = 2*i**3 + i**2 + 5*i + 3. Let x(n) = 2*n**3 + 4*n + 2. Let z(y) = u*g(y) - 4*x(y). Calculate z(2).
-5
Let t(u) = -u + 11. Suppose 0 = -2*w - 0*w + 6. Let j = -9 + 9. Suppose -4*k - 5*o + 45 = j, -w*o - o = -20. Calculate t(k).
6
Suppose 5*i = -0*y + 2*y - 32, 0 = -3*y + 4*i + 34. Let z(r) = -r**3 + r - y + r**2 + 11 + 2*r**2. What is z(4)?
-7
Let k(u) = -4*u**3 - u**2 + 2*u - 1. Let c be k(1). Let y = c - -7. Let b(i) = 3*i - i - y*i + 0*i - 9. Give b(-5).
-4
Suppose -99 = c - 2*c. Let x(j) = -c*j**3 + 3 + 100*j**3 - 5*j**2 - 7 + 7*j. Calculate x(4).
8
Let p = 17/84 + -1/28. Let q(o) be the second derivative of 0 + p*o**4 - o**3 + o + 0*o**2. Give q(4).
8
Let j(n) = -n + 13. Let m(d) = d - 13. Let v(t) = -4*j(t) - 5*m(t). Let f be v(11). Let s(z) = 2*z**2 - 4*z + z**f - z + 1 - 4*z**2. Determine s(-6).
-5
Let i(r) = -r - 2. Let w(a) = -a - 7. Let l be w(-4). Let o be i(l). Let u(m) = 0 + 3*m + o - 2*m. Determine u(-4).
-3
Let x = 5 - -2. Let c = x + -7. Let l(w) = c*w - 5*w + 6 - w + 5*w. Determine l(-5).
11
Let l = 9 - 7. Let n(o) = -o**3 + 2*o**2 + 2*o - 1. Give n(l).
3
Let c(w) = w + 2. Let i be c(2). Let s be i/2*(-2)/(-4). Let a(r) = 5*r. Give a(s).
5
Let a(w) = w - 5. Let q = 21 + -16. What is a(q)?
0
Let o(h) = -2*h**3 - 2*h**2 + 2*h + 1. Let l = 5 - 3. Let a = -7 - -13. Suppose 5*m + a = l*m. What is o(m)?
5
Suppose -8*c = -5*m - 3*c + 25, 4*c + 16 = 0. Let r(h) = -h + 0 - 4 + m + 0. Calculate r(-2).
-1
Let p(h) = 1 + 33*h - 16*h - 15*h. Suppose y + 2*y - 5*b + 23 = 0, -2*b + 8 = 0. Give p(y).
-1
Let v(h) be the first derivative of -h**4/2 + 2*h**3/3 - h**2/2 + 2*h + 3. Calculate v(2).
-8
Let q = -1 - 2. Let p(t) be the first derivative of t**4/4 + 4*t**3/3 + 5*t**2/2 + 3*t + 68. What is p(q)?
-3
Let s(n) = -5*n**3 + n**2. Suppose 0 = -9*u + 11*u - 3*o - 13, 5*u - 3*o - 10 = 0. Determine s(u).
6
Let z(r) = -r**2 + 1. Let s(n) = -13*n**2 - 3*n + 15. Let t(p) = -6*p**2 - p + 7. Let j(y) = 2*s(y) - 5*t(y). Let g(v) = -j(v) - 5*z(v). Give g(-3).
6
Let f(v) = v**3 - v**2 + v - 1. Let s(k) = 2*k**3 - 6*k**2 + 2*k - 5. Suppose 0*r = 3*r + 3. Let x(l) = r*s(l) + 3*f(l). Suppose 8*o + 18 = -6. Calculate x(o).
-1
Let r(z) = -z**3 - z**2 + z + 2. Let v(q) = -q**2 + 3*q + 4. Let g(m) = m**2 + 10*m + m - 5 + 1 + 8. Let l be g(-11). Let x be v(l). What is r(x)?
2
Let d(k) = -3*k**2 - 22*k + 31. Let s(c) = c**2 + 7*c - 10. Let r(z) = 2*d(z) + 7*s(z). Calculate r(-6).
-2
Let y(i) = i + 13. Let v = 47 - 53. Determine y(v).
7
Let m(p) = p**3 - 5*p**2 + 2*p + 2. Let j be (-4)/4*-5 - 1. Give m(j).
-6
Let o be 74/14 + (-2)/7. Suppose -3*h = 3*j - 9, -j - h - o = -4*j. Let v(a) = -a**2 - 3*a + 1. Determine v(j).
-9
Let t = -5 - -1. Let v = 6 + t. Let l(i) = -i**3 + 3*i**2 + 2*i + 4. Let n(d) = 3*d**3 - 5*d**2 - 4*d - 7. Let y(u) = v*n(u) + 5*l(u). Give y(-5).
-4
Let m(c) = -c**2. Let t(r) = 5*r**2 + r - 1. Let j(k) = 4*m(k) + t(k). Let x(i) = -1 + 15*i**2 - 3*i + i - 16*i**2 + i**3. Let h(s) = 2*j(s) - x(s). Give h(3).
11
Let x be 8*((-5)/(60/9))/(-1). Let n(r) = -5 - 3*r**3 - 3*r**2 - 4*r**2 + 8*r + 4*r**3. Give n(x).
7
Let s(j) = j**3 + 5*j**2 + 3. Let h = -10 - -5. Let i be s(h). Let t(z) = z**3 - 2*z**2 - z - 4. Calculate t(i).
2
Let w(n) = n**2 - 1. Let b be w(0). Let r(v) = 5*v + 7. Let g(x) = 3*x + 4. Let a(z) = -7*g(z) + 4*r(z). Give a(b).
1
Let x(v) = -v**2 + 6*v - 4. Let h(k) = -k + 1. Let c(w) = h(w) - x(w). What is c(4)?
-7
Let j(m) = m**2 - 3*m - 4. Let i be j(5). Let z(p) = -p**3 + 7*p**2 - 5*p - 5. What is z(i)?
1
Let q(c) = c**3 + 8*c**2 + 6*c - 8. Let m be 2/((-14)/6 + 3). Suppose 2*s + m*x + 14 = 0, s - 1 = x - 8. Give q(s).
-1
Let m(t) = 2*t**3 + 10*t**2 - 7 - t**3 + 7*t + 11. Determine m(-9).
22
Let a(i) = -i**2 + 2*i - 3. Suppose -3*r = 1 - 7. Let n(v) = 1 - 1 - 4 + 8*v**r - v**3 - 6*v. Let q be n(7). Determine a(q).
-6
Let d(h) = h**2 + 8*h. Let b be d(-8). Suppose b = 3*n - 3 + 15. Let k(l) = l**3 + 3*l**2 - 2*l + 2. Determine k(n).
-6
Suppose -5*b + 5*d = -20, 0*b + d - 6 = -b. Let o(p) = p**3 - 6*p**2 + 5*p - 6. What is o(b)?
-6
Let l(r) = 1. Let m(n) = -n + 5. Let w(d) = -5*l(d) + m